rs of 28686446?
2, 17, 331, 2549
What are the prime factors of 100704931?
100704931
List the prime factors of 114261213.
3, 11, 131, 26431
What are the prime factors of 544035137?
544035137
What are the prime factors of 1195362941?
19, 293, 214723
List the prime factors of 212817631.
13, 29, 53, 10651
List the prime factors of 94695952.
2, 13, 455269
What are the prime factors of 76243968?
2, 3, 8273
List the prime factors of 124620655.
5, 127, 229, 857
List the prime factors of 140346267.
3, 101, 463189
What are the prime factors of 31869118?
2, 17, 19, 49333
List the prime factors of 762481552.
2, 7, 17, 19, 3011
List the prime factors of 1346728471.
11, 122429861
List the prime factors of 176861819.
2447, 72277
List the prime factors of 75726317.
167, 453451
What are the prime factors of 702060481?
683, 997, 1031
List the prime factors of 663879276.
2, 3, 18441091
What are the prime factors of 497653882?
2, 11, 2056421
What are the prime factors of 3729550723?
3729550723
What are the prime factors of 32565221?
13, 19, 31, 4253
What are the prime factors of 273737820?
2, 3, 5, 821, 5557
What are the prime factors of 140223137?
31, 47, 157, 613
List the prime factors of 40564462.
2, 20282231
List the prime factors of 2339732046.
2, 3, 191, 1373, 1487
What are the prime factors of 478016905?
5, 199, 480419
List the prime factors of 472205837.
503, 577, 1627
What are the prime factors of 4942783891?
4942783891
What are the prime factors of 1084311826?
2, 13, 389, 107209
List the prime factors of 50654122.
2, 25327061
What are the prime factors of 927570860?
2, 5, 59, 786077
List the prime factors of 677897939.
29, 23375791
What are the prime factors of 173829633?
3, 57943211
List the prime factors of 42772828.
2, 7, 1069, 1429
What are the prime factors of 185747419?
11, 13, 103, 12611
What are the prime factors of 74283581?
53, 101, 13877
What are the prime factors of 4785114990?
2, 3, 5, 159503833
What are the prime factors of 2437460?
2, 5, 17, 67, 107
What are the prime factors of 5792623129?
17, 263, 571, 2269
List the prime factors of 26724412.
2, 11, 13, 19, 2459
What are the prime factors of 59477304?
2, 3, 2478221
What are the prime factors of 54616219?
7, 1289, 6053
What are the prime factors of 245879708?
2, 2927, 21001
What are the prime factors of 401253387?
3, 133751129
List the prime factors of 98695318.
2, 59, 181, 4621
What are the prime factors of 1333007923?
13, 131, 863, 907
List the prime factors of 2249465633.
17123, 131371
List the prime factors of 5318698262.
2, 17491, 152041
List the prime factors of 1318240962.
2, 3, 17, 31, 138967
What are the prime factors of 35740767?
3, 19, 607, 1033
List the prime factors of 39551278.
2, 13, 167, 9109
What are the prime factors of 909424928?
2, 17, 31, 53927
List the prime factors of 1582981398.
2, 3, 87943411
What are the prime factors of 173258074?
2, 11, 19, 47, 8819
What are the prime factors of 1524744472?
2, 227, 839617
What are the prime factors of 1586607915?
3, 5, 37, 73, 39161
What are the prime factors of 502440113?
7, 5381, 13339
List the prime factors of 17746380.
2, 3, 5, 19, 5189
List the prime factors of 580200287.
580200287
What are the prime factors of 27316806?
2, 3, 11, 151, 2741
List the prime factors of 2057032650.
2, 3, 5, 743, 18457
List the prime factors of 1287633742.
2, 12073, 53327
List the prime factors of 648275529.
3, 11, 179, 907
What are the prime factors of 1145918889?
3, 67, 1900363
What are the prime factors of 1549810001?
31, 4111, 12161
What are the prime factors of 1130469479?
22697, 49807
List the prime factors of 28737783.
3, 3193087
List the prime factors of 241775353.
37, 89, 73421
What are the prime factors of 728865842?
2, 4327, 84223
List the prime factors of 31991438.
2, 15995719
List the prime factors of 129603484.
2, 19, 1705309
What are the prime factors of 117025569?
3, 17, 101, 7573
What are the prime factors of 48329307?
3, 13, 413071
What are the prime factors of 245654835?
3, 5, 23, 269, 2647
What are the prime factors of 2405133494?
2, 1202566747
List the prime factors of 1319693991.
3, 7, 11, 5712961
What are the prime factors of 6636305?
5, 13, 23, 193
What are the prime factors of 1450505167?
1423, 1019329
List the prime factors of 344910651.
3, 114970217
What are the prime factors of 715289498?
2, 7, 11, 4644737
What are the prime factors of 77427056?
2, 7, 61, 1619
What are the prime factors of 3038975710?
2, 5, 19, 1723, 9283
List the prime factors of 5314557181.
149, 35668169
What are the prime factors of 10081080?
2, 3, 5, 41, 683
What are the prime factors of 45767425?
5, 11, 47, 3541
What are the prime factors of 40065221?
7, 139, 41177
List the prime factors of 1927207563.
3, 19, 101, 334759
What are the prime factors of 31585787?
809, 39043
List the prime factors of 473368300.
2, 5, 113, 163, 257
List the prime factors of 94840164.
2, 3, 2634449
List the prime factors of 49423118.
2, 139, 1279
List the prime factors of 82779629.
3517, 23537
What are the prime factors of 361140105?
3, 5, 24076007
List the prime factors of 2458933847.
83, 5237, 5657
What are the prime factors of 205642562?
2, 6257, 16433
What are the prime factors of 1826298?
2, 3, 241, 421
What are the prime factors of 69769592?
2, 29, 31, 89, 109
What are the prime factors of 1752237312?
2, 3, 7, 397, 821
List the prime factors of 13100302.
2, 17, 313, 1231
List the prime factors of 4266134798.
2, 2133067399
List the prime factors of 272044934.
2, 7, 19431781
What are the prime factors of 84561835?
5, 37, 457091
What are the prime factors of 1050235411?
1050235411
List the prime factors of 13916039.
13916039
What are the prime factors of 26551495?
5, 223, 23813
List the prime factors of 27410055.
3, 5, 1827337
What are the prime factors of 6322227?
3, 37, 56957
What are the prime factors of 89186416?
2, 11, 109, 4649
What are the prime factors of 8164238?
2, 43, 94933
What are the prime factors of 1708311753?
3, 103, 1842839
What are the prime factors of 1676151105?
3, 5, 23, 269, 18061
What are the prime factors of 251767659?
3, 11, 13, 586871
List the prime factors of 185397730.
2, 5, 7, 193, 13723
List the prime factors of 536678270.
2, 5, 17, 43, 73417
List the prime factors of 3503373943.
25253, 138731
List the prime factors of 2727108641.
29, 7477, 12577
What are the prime factors of 3525475877?
7, 11, 1361, 33641
List the prime factors of 473359912.
2, 59169989
List the prime factors of 390333890.
2, 5, 39033389
List the prime factors of 5365916.
2, 41, 32719
List the prime factors of 843568909.
709, 1189801
What are the prime factors of 38492505?
3, 5, 17, 67, 751
What are the prime factors of 39953567?
39953567
List the prime factors of 27802088.
2, 3475261
List the prime factors of 175935823.
7, 89, 40343
List the prime factors of 43800731.
13, 3369287
List the prime factors of 69703905.
3, 5, 4646927
List the prime factors of 128394776.
2, 269, 59663
List the prime factors of 124000734.
2, 3, 11, 13, 43, 3361
List the prime factors of 142608132.
2, 3, 3961337
What are the prime factors of 147279383?
109, 269, 5023
List the prime factors of 385423150.
2, 5, 7, 17, 211, 307
List the prime factors of 103800919.
103800919
List the prime factors of 313532242.
2, 4243, 36947
List the prime factors of 72404100.
2, 3, 5, 80449
What are the prime factors of 69118660?
2, 5, 13, 265841
List the prime factors of 2885770203.
3, 961923401
What are the prime factors of 46323861?
3, 17, 881, 1031
List the prime factors of 61582987.
61582987
What are the prime factors of 789765588?
2, 3, 113, 194141
List the prime factors of 8891488.
2, 277859
List the prime factors of 948062911.
241, 3933871
What are the prime factors of 621346208?
2, 7, 19, 67, 2179
List the prime factors of 882410866.
2, 20063, 21991
List the prime factors of 367811933.
521, 705973
List the prime factors of 2554231628.
2, 13, 49119839
List the prime factors of 4963879691.
17, 291992923
What are the prime factors of 70674619?
109, 648391
What are the prime factors of 5294526?
2, 3, 347, 2543
List the prime factors of 35412356.
2, 7, 41, 109, 283
What are the prime factors of 42110799?
3, 14036933
What are the prime factors of 70161959?
7, 31, 367, 881
List the prime factors of 69